{"id":21,"date":"2021-04-17T12:52:59","date_gmt":"2021-04-17T10:52:59","guid":{"rendered":"https:\/\/server101545.nazwa.pl\/wordpress\/wpn_wp1\/?page_id=21"},"modified":"2022-01-08T00:15:55","modified_gmt":"2022-01-07T23:15:55","slug":"o-nas","status":"publish","type":"page","link":"https:\/\/skrawka.pl\/","title":{"rendered":"O nas"},"content":{"rendered":"\n<div class=\"wp-block-media-text alignwide has-media-on-the-right is-stacked-on-mobile\"><figure class=\"wp-block-media-text__media\"><img loading=\"lazy\" decoding=\"async\" width=\"1024\" height=\"273\" src=\"https:\/\/skrawka.pl\/wp-content\/uploads\/2021\/05\/cropped-Skrawka1poprawione-1024x273.png\" alt=\"\" class=\"wp-image-216 size-full\" srcset=\"https:\/\/skrawka.pl\/wp-content\/uploads\/2021\/05\/cropped-Skrawka1poprawione-1024x273.png 1024w, https:\/\/skrawka.pl\/wp-content\/uploads\/2021\/05\/cropped-Skrawka1poprawione-300x80.png 300w, https:\/\/skrawka.pl\/wp-content\/uploads\/2021\/05\/cropped-Skrawka1poprawione-768x205.png 768w, https:\/\/skrawka.pl\/wp-content\/uploads\/2021\/05\/cropped-Skrawka1poprawione.png 1110w\" sizes=\"auto, (max-width: 1024px) 100vw, 1024px\" \/><\/figure><div class=\"wp-block-media-text__content\">\n<p class=\"has-background-color-color has-text-color has-medium-font-size\"><strong>Jeste\u015bmy firm\u0105 zajmuj\u0105c\u0105 si\u0119 obr\u00f3bka skrawaniem, mimo kr\u00f3tkiej obecno\u015bci na rynku mamy ogromne do\u015bwiadczenie w tym co robimy oraz posiadamy odpowiedni\u0105 wiedz\u0119 do wykonania nawet najdok\u0142adniejszych element\u00f3w. <\/strong><\/p>\n<\/div><\/div>\n\n\n\n<h1 class=\"has-text-align-center wp-block-heading\">Mo\u017cliwo\u015bci<\/h1>\n\n\n\n<div class=\"wp-block-media-text alignwide is-stacked-on-mobile is-vertically-aligned-center is-image-fill\" style=\"grid-template-columns:47% auto\"><figure class=\"wp-block-media-text__media\" style=\"background-image:url(https:\/\/skrawka.pl\/wp-content\/uploads\/2022\/01\/maszyna-1024x919.jpg);background-position:85% 16%\"><img loading=\"lazy\" decoding=\"async\" width=\"1024\" height=\"919\" src=\"https:\/\/skrawka.pl\/wp-content\/uploads\/2022\/01\/maszyna-1024x919.jpg\" alt=\"\" class=\"wp-image-227 size-large\" srcset=\"https:\/\/skrawka.pl\/wp-content\/uploads\/2022\/01\/maszyna-1024x919.jpg 1024w, https:\/\/skrawka.pl\/wp-content\/uploads\/2022\/01\/maszyna-300x269.jpg 300w, https:\/\/skrawka.pl\/wp-content\/uploads\/2022\/01\/maszyna-768x690.jpg 768w, https:\/\/skrawka.pl\/wp-content\/uploads\/2022\/01\/maszyna-1536x1379.jpg 1536w, https:\/\/skrawka.pl\/wp-content\/uploads\/2022\/01\/maszyna-2048x1839.jpg 2048w\" sizes=\"auto, (max-width: 1024px) 100vw, 1024px\" \/><\/figure><div class=\"wp-block-media-text__content\">\n<p class=\"has-background-color-color has-text-color has-medium-font-size\"><strong>Obr\u00f3bka metali w naszej firmie odbywa si\u0119 przy u\u017cyciu maszyn CNC, kt\u00f3re zapewniaj\u0105 wysok\u0105 precyzj\u0119 i powtarzalno\u015b\u0107 wyrobu.<\/strong><br><\/p>\n\n\n\n<p class=\"has-background-color-color has-text-color has-medium-font-size\"><strong>Dysponujemy tokarkami o maksymalnej \u015brednicy toczenia 290mm oraz d\u0142ugo\u015bci toczenia do 600mm.<\/strong><\/p>\n<\/div><\/div>\n\n\n\n<h1 class=\"has-text-align-center wp-block-heading\">Precyzja<\/h1>\n\n\n\n<div class=\"wp-block-media-text alignwide has-media-on-the-right is-stacked-on-mobile is-image-fill\"><figure class=\"wp-block-media-text__media\" style=\"background-image:url(https:\/\/skrawka.pl\/wp-content\/uploads\/2021\/04\/20210406_175530-768x1024.jpg);background-position:50% 50%\"><img loading=\"lazy\" decoding=\"async\" width=\"768\" height=\"1024\" src=\"https:\/\/skrawka.pl\/wp-content\/uploads\/2021\/04\/20210406_175530-768x1024.jpg\" alt=\"\" class=\"wp-image-83 size-full\" srcset=\"https:\/\/skrawka.pl\/wp-content\/uploads\/2021\/04\/20210406_175530-768x1024.jpg 768w, https:\/\/skrawka.pl\/wp-content\/uploads\/2021\/04\/20210406_175530-225x300.jpg 225w, https:\/\/skrawka.pl\/wp-content\/uploads\/2021\/04\/20210406_175530-1152x1536.jpg 1152w, https:\/\/skrawka.pl\/wp-content\/uploads\/2021\/04\/20210406_175530-1536x2048.jpg 1536w, https:\/\/skrawka.pl\/wp-content\/uploads\/2021\/04\/20210406_175530-1200x1600.jpg 1200w, https:\/\/skrawka.pl\/wp-content\/uploads\/2021\/04\/20210406_175530-1980x2640.jpg 1980w, https:\/\/skrawka.pl\/wp-content\/uploads\/2021\/04\/20210406_175530-scaled.jpg 1920w\" sizes=\"auto, (max-width: 768px) 100vw, 768px\" \/><\/figure><div class=\"wp-block-media-text__content\">\n<p class=\"has-background-color-color has-text-color has-medium-font-size\"><strong>Stawiamy na precyzj\u0119 aby wychodzi\u0107 na przeciw oczekiwaniom naszych klient\u00f3w. Dzi\u0119ki bardzo dok\u0142adnym narz\u0119dziom pomiarowym jeste\u015bmy w stanie zaoferowa\u0107 Pa\u0144stwu wysok\u0105 dok\u0142adno\u015b\u0107  ka\u017cdego detalu.<\/strong><\/p>\n<\/div><\/div>\n\n\n\n<h1 class=\"has-text-align-center wp-block-heading\">Powtarzalno\u015b\u0107<\/h1>\n\n\n\n<div class=\"wp-block-media-text alignwide is-stacked-on-mobile is-image-fill\"><figure class=\"wp-block-media-text__media\" style=\"background-image:url(https:\/\/skrawka.pl\/wp-content\/uploads\/2022\/01\/1-1024x603.jpg);background-position:50% 50%\"><img loading=\"lazy\" decoding=\"async\" width=\"1024\" height=\"603\" src=\"https:\/\/skrawka.pl\/wp-content\/uploads\/2022\/01\/1-1024x603.jpg\" alt=\"\" class=\"wp-image-229 size-full\" srcset=\"https:\/\/skrawka.pl\/wp-content\/uploads\/2022\/01\/1-1024x603.jpg 1024w, https:\/\/skrawka.pl\/wp-content\/uploads\/2022\/01\/1-300x177.jpg 300w, https:\/\/skrawka.pl\/wp-content\/uploads\/2022\/01\/1-768x452.jpg 768w, https:\/\/skrawka.pl\/wp-content\/uploads\/2022\/01\/1-1536x904.jpg 1536w, https:\/\/skrawka.pl\/wp-content\/uploads\/2022\/01\/1-2048x1205.jpg 2048w\" sizes=\"auto, (max-width: 1024px) 100vw, 1024px\" \/><\/figure><div class=\"wp-block-media-text__content\">\n<p class=\"has-large-font-size\"><\/p>\n<\/div><\/div>\n\n\n\n<h1 class=\"has-text-align-center wp-block-heading\">Realizacje<\/h1>\n\n\n\n<div id=\"wp-block-themeisle-blocks-slider-fcca90cc\" class=\"wp-block-themeisle-blocks-slider glide\" data-per-view=\"1\" data-gap=\"0\" data-peek=\"0\" data-autoplay=\"5000\" data-height=\"610px\" data-hide-arrows=\"false\"><div class=\"glide__track\" data-glide-el=\"track\"><div class=\"glide__slides\"><div class=\"wp-block-themeisle-blocks-slider-item-wrapper glide__slide\" tabindex=\"0\"><figure><img decoding=\"async\" class=\"wp-block-themeisle-blocks-slider-item\" src=\"https:\/\/skrawka.pl\/wp-content\/uploads\/2022\/01\/20210924_105425-1-scaled.jpg\" alt=\"\" title=\"\" data-id=\"233\"\/><\/figure><\/div><div class=\"wp-block-themeisle-blocks-slider-item-wrapper glide__slide\" tabindex=\"0\"><figure><img decoding=\"async\" class=\"wp-block-themeisle-blocks-slider-item\" src=\"https:\/\/skrawka.pl\/wp-content\/uploads\/2022\/01\/20211125_222653-scaled.jpg\" alt=\"\" title=\"\" data-id=\"235\"\/><\/figure><\/div><div class=\"wp-block-themeisle-blocks-slider-item-wrapper glide__slide\" tabindex=\"0\"><figure><img decoding=\"async\" class=\"wp-block-themeisle-blocks-slider-item\" src=\"https:\/\/skrawka.pl\/wp-content\/uploads\/2022\/01\/20211221_001143-scaled.jpg\" alt=\"\" title=\"\" data-id=\"236\"\/><\/figure><\/div><div class=\"wp-block-themeisle-blocks-slider-item-wrapper glide__slide\" tabindex=\"0\"><figure><img decoding=\"async\" class=\"wp-block-themeisle-blocks-slider-item\" src=\"https:\/\/skrawka.pl\/wp-content\/uploads\/2022\/01\/20211221_001216-scaled.jpg\" alt=\"\" title=\"\" data-id=\"237\"\/><\/figure><\/div><div class=\"wp-block-themeisle-blocks-slider-item-wrapper glide__slide\" tabindex=\"0\"><figure><img decoding=\"async\" class=\"wp-block-themeisle-blocks-slider-item\" src=\"https:\/\/skrawka.pl\/wp-content\/uploads\/2022\/01\/20211025_192410-scaled.jpg\" alt=\"\" title=\"\" data-id=\"234\"\/><\/figure><\/div><div class=\"wp-block-themeisle-blocks-slider-item-wrapper glide__slide\" tabindex=\"0\"><figure><img decoding=\"async\" class=\"wp-block-themeisle-blocks-slider-item\" src=\"https:\/\/skrawka.pl\/wp-content\/uploads\/2022\/01\/20211228_222117-scaled.jpg\" alt=\"\" title=\"\" data-id=\"238\"\/><\/figure><\/div><\/div><\/div><\/div>\n","protected":false},"excerpt":{"rendered":"<p>Jeste\u015bmy firm\u0105 zajmuj\u0105c\u0105 si\u0119 obr\u00f3bka skrawaniem, mimo kr\u00f3tkiej obecno\u015bci na rynku mamy ogromne do\u015bwiadczenie w tym co robimy oraz posiadamy odpowiedni\u0105 wiedz\u0119 do wykonania nawet najdok\u0142adniejszych element\u00f3w. Mo\u017cliwo\u015bci Obr\u00f3bka metali w naszej firmie odbywa si\u0119 przy u\u017cyciu maszyn CNC, kt\u00f3re zapewniaj\u0105 wysok\u0105 precyzj\u0119 i powtarzalno\u015b\u0107 wyrobu. Dysponujemy tokarkami o maksymalnej [&hellip;]<\/p>\n","protected":false},"author":2,"featured_media":229,"parent":0,"menu_order":0,"comment_status":"closed","ping_status":"closed","template":"","meta":{"footnotes":""},"class_list":["post-21","page","type-page","status-publish","has-post-thumbnail","hentry"],"yoast_head":"<!-- This site is optimized with the Yoast SEO plugin v24.1 - https:\/\/yoast.com\/wordpress\/plugins\/seo\/ -->\n<title>O nas - SkrawKa<\/title>\n<meta name=\"robots\" content=\"index, follow, max-snippet:-1, max-image-preview:large, max-video-preview:-1\" \/>\n<link rel=\"canonical\" href=\"https:\/\/skrawka.pl\/\" \/>\n<meta property=\"og:locale\" content=\"pl_PL\" \/>\n<meta property=\"og:type\" content=\"article\" \/>\n<meta property=\"og:title\" content=\"O nas - SkrawKa\" \/>\n<meta property=\"og:description\" content=\"Jeste\u015bmy firm\u0105 zajmuj\u0105c\u0105 si\u0119 obr\u00f3bka skrawaniem, mimo kr\u00f3tkiej obecno\u015bci na rynku mamy ogromne do\u015bwiadczenie w tym co robimy oraz posiadamy odpowiedni\u0105 wiedz\u0119 do wykonania nawet najdok\u0142adniejszych element\u00f3w. Mo\u017cliwo\u015bci Obr\u00f3bka metali w naszej firmie odbywa si\u0119 przy u\u017cyciu maszyn CNC, kt\u00f3re zapewniaj\u0105 wysok\u0105 precyzj\u0119 i powtarzalno\u015b\u0107 wyrobu. Dysponujemy tokarkami o maksymalnej [&hellip;]\" \/>\n<meta property=\"og:url\" content=\"https:\/\/skrawka.pl\/\" \/>\n<meta property=\"og:site_name\" content=\"SkrawKa\" \/>\n<meta property=\"article:modified_time\" content=\"2022-01-07T23:15:55+00:00\" \/>\n<meta property=\"og:image\" content=\"https:\/\/skrawka.pl\/wp-content\/uploads\/2022\/01\/1-scaled.jpg\" \/>\n\t<meta property=\"og:image:width\" content=\"2560\" \/>\n\t<meta property=\"og:image:height\" content=\"1506\" \/>\n\t<meta property=\"og:image:type\" content=\"image\/jpeg\" \/>\n<meta name=\"twitter:card\" content=\"summary_large_image\" \/>\n<meta name=\"twitter:label1\" content=\"Szacowany czas czytania\" \/>\n\t<meta name=\"twitter:data1\" content=\"3 minuty\" \/>\n<script type=\"application\/ld+json\" class=\"yoast-schema-graph\">{\"@context\":\"https:\/\/schema.org\",\"@graph\":[{\"@type\":\"WebPage\",\"@id\":\"https:\/\/skrawka.pl\/\",\"url\":\"https:\/\/skrawka.pl\/\",\"name\":\"O nas - SkrawKa\",\"isPartOf\":{\"@id\":\"https:\/\/skrawka.pl\/#website\"},\"primaryImageOfPage\":{\"@id\":\"https:\/\/skrawka.pl\/#primaryimage\"},\"image\":{\"@id\":\"https:\/\/skrawka.pl\/#primaryimage\"},\"thumbnailUrl\":\"https:\/\/skrawka.pl\/wp-content\/uploads\/2022\/01\/1-scaled.jpg\",\"datePublished\":\"2021-04-17T10:52:59+00:00\",\"dateModified\":\"2022-01-07T23:15:55+00:00\",\"breadcrumb\":{\"@id\":\"https:\/\/skrawka.pl\/#breadcrumb\"},\"inLanguage\":\"pl-PL\",\"potentialAction\":[{\"@type\":\"ReadAction\",\"target\":[\"https:\/\/skrawka.pl\/\"]}]},{\"@type\":\"ImageObject\",\"inLanguage\":\"pl-PL\",\"@id\":\"https:\/\/skrawka.pl\/#primaryimage\",\"url\":\"https:\/\/skrawka.pl\/wp-content\/uploads\/2022\/01\/1-scaled.jpg\",\"contentUrl\":\"https:\/\/skrawka.pl\/wp-content\/uploads\/2022\/01\/1-scaled.jpg\",\"width\":2560,\"height\":1506},{\"@type\":\"BreadcrumbList\",\"@id\":\"https:\/\/skrawka.pl\/#breadcrumb\",\"itemListElement\":[{\"@type\":\"ListItem\",\"position\":1,\"name\":\"Home\",\"item\":\"https:\/\/skrawka.pl\/\"},{\"@type\":\"ListItem\",\"position\":2,\"name\":\"O nas\"}]},{\"@type\":\"WebSite\",\"@id\":\"https:\/\/skrawka.pl\/#website\",\"url\":\"https:\/\/skrawka.pl\/\",\"name\":\"SkrawKa\",\"description\":\"SkrawKa - Obr\u00f3bka skrawaniem\",\"publisher\":{\"@id\":\"https:\/\/skrawka.pl\/#organization\"},\"potentialAction\":[{\"@type\":\"SearchAction\",\"target\":{\"@type\":\"EntryPoint\",\"urlTemplate\":\"https:\/\/skrawka.pl\/?s={search_term_string}\"},\"query-input\":{\"@type\":\"PropertyValueSpecification\",\"valueRequired\":true,\"valueName\":\"search_term_string\"}}],\"inLanguage\":\"pl-PL\"},{\"@type\":\"Organization\",\"@id\":\"https:\/\/skrawka.pl\/#organization\",\"name\":\"SkrawKa\",\"url\":\"https:\/\/skrawka.pl\/\",\"logo\":{\"@type\":\"ImageObject\",\"inLanguage\":\"pl-PL\",\"@id\":\"https:\/\/skrawka.pl\/#\/schema\/logo\/image\/\",\"url\":\"https:\/\/skrawka.pl\/wp-content\/uploads\/2021\/05\/cropped-Skrawka1poprawione.png\",\"contentUrl\":\"https:\/\/skrawka.pl\/wp-content\/uploads\/2021\/05\/cropped-Skrawka1poprawione.png\",\"width\":1110,\"height\":296,\"caption\":\"SkrawKa\"},\"image\":{\"@id\":\"https:\/\/skrawka.pl\/#\/schema\/logo\/image\/\"}}]}<\/script>\n<!-- \/ Yoast SEO plugin. -->","yoast_head_json":{"title":"O nas - SkrawKa","robots":{"index":"index","follow":"follow","max-snippet":"max-snippet:-1","max-image-preview":"max-image-preview:large","max-video-preview":"max-video-preview:-1"},"canonical":"https:\/\/skrawka.pl\/","og_locale":"pl_PL","og_type":"article","og_title":"O nas - SkrawKa","og_description":"Jeste\u015bmy firm\u0105 zajmuj\u0105c\u0105 si\u0119 obr\u00f3bka skrawaniem, mimo kr\u00f3tkiej obecno\u015bci na rynku mamy ogromne do\u015bwiadczenie w tym co robimy oraz posiadamy odpowiedni\u0105 wiedz\u0119 do wykonania nawet najdok\u0142adniejszych element\u00f3w. Mo\u017cliwo\u015bci Obr\u00f3bka metali w naszej firmie odbywa si\u0119 przy u\u017cyciu maszyn CNC, kt\u00f3re zapewniaj\u0105 wysok\u0105 precyzj\u0119 i powtarzalno\u015b\u0107 wyrobu. Dysponujemy tokarkami o maksymalnej [&hellip;]","og_url":"https:\/\/skrawka.pl\/","og_site_name":"SkrawKa","article_modified_time":"2022-01-07T23:15:55+00:00","og_image":[{"width":2560,"height":1506,"url":"https:\/\/skrawka.pl\/wp-content\/uploads\/2022\/01\/1-scaled.jpg","type":"image\/jpeg"}],"twitter_card":"summary_large_image","twitter_misc":{"Szacowany czas czytania":"3 minuty"},"schema":{"@context":"https:\/\/schema.org","@graph":[{"@type":"WebPage","@id":"https:\/\/skrawka.pl\/","url":"https:\/\/skrawka.pl\/","name":"O nas - SkrawKa","isPartOf":{"@id":"https:\/\/skrawka.pl\/#website"},"primaryImageOfPage":{"@id":"https:\/\/skrawka.pl\/#primaryimage"},"image":{"@id":"https:\/\/skrawka.pl\/#primaryimage"},"thumbnailUrl":"https:\/\/skrawka.pl\/wp-content\/uploads\/2022\/01\/1-scaled.jpg","datePublished":"2021-04-17T10:52:59+00:00","dateModified":"2022-01-07T23:15:55+00:00","breadcrumb":{"@id":"https:\/\/skrawka.pl\/#breadcrumb"},"inLanguage":"pl-PL","potentialAction":[{"@type":"ReadAction","target":["https:\/\/skrawka.pl\/"]}]},{"@type":"ImageObject","inLanguage":"pl-PL","@id":"https:\/\/skrawka.pl\/#primaryimage","url":"https:\/\/skrawka.pl\/wp-content\/uploads\/2022\/01\/1-scaled.jpg","contentUrl":"https:\/\/skrawka.pl\/wp-content\/uploads\/2022\/01\/1-scaled.jpg","width":2560,"height":1506},{"@type":"BreadcrumbList","@id":"https:\/\/skrawka.pl\/#breadcrumb","itemListElement":[{"@type":"ListItem","position":1,"name":"Home","item":"https:\/\/skrawka.pl\/"},{"@type":"ListItem","position":2,"name":"O nas"}]},{"@type":"WebSite","@id":"https:\/\/skrawka.pl\/#website","url":"https:\/\/skrawka.pl\/","name":"SkrawKa","description":"SkrawKa - Obr\u00f3bka skrawaniem","publisher":{"@id":"https:\/\/skrawka.pl\/#organization"},"potentialAction":[{"@type":"SearchAction","target":{"@type":"EntryPoint","urlTemplate":"https:\/\/skrawka.pl\/?s={search_term_string}"},"query-input":{"@type":"PropertyValueSpecification","valueRequired":true,"valueName":"search_term_string"}}],"inLanguage":"pl-PL"},{"@type":"Organization","@id":"https:\/\/skrawka.pl\/#organization","name":"SkrawKa","url":"https:\/\/skrawka.pl\/","logo":{"@type":"ImageObject","inLanguage":"pl-PL","@id":"https:\/\/skrawka.pl\/#\/schema\/logo\/image\/","url":"https:\/\/skrawka.pl\/wp-content\/uploads\/2021\/05\/cropped-Skrawka1poprawione.png","contentUrl":"https:\/\/skrawka.pl\/wp-content\/uploads\/2021\/05\/cropped-Skrawka1poprawione.png","width":1110,"height":296,"caption":"SkrawKa"},"image":{"@id":"https:\/\/skrawka.pl\/#\/schema\/logo\/image\/"}}]}},"_links":{"self":[{"href":"https:\/\/skrawka.pl\/index.php?rest_route=\/wp\/v2\/pages\/21","targetHints":{"allow":["GET"]}}],"collection":[{"href":"https:\/\/skrawka.pl\/index.php?rest_route=\/wp\/v2\/pages"}],"about":[{"href":"https:\/\/skrawka.pl\/index.php?rest_route=\/wp\/v2\/types\/page"}],"author":[{"embeddable":true,"href":"https:\/\/skrawka.pl\/index.php?rest_route=\/wp\/v2\/users\/2"}],"replies":[{"embeddable":true,"href":"https:\/\/skrawka.pl\/index.php?rest_route=%2Fwp%2Fv2%2Fcomments&post=21"}],"version-history":[{"count":34,"href":"https:\/\/skrawka.pl\/index.php?rest_route=\/wp\/v2\/pages\/21\/revisions"}],"predecessor-version":[{"id":281,"href":"https:\/\/skrawka.pl\/index.php?rest_route=\/wp\/v2\/pages\/21\/revisions\/281"}],"wp:featuredmedia":[{"embeddable":true,"href":"https:\/\/skrawka.pl\/index.php?rest_route=\/wp\/v2\/media\/229"}],"wp:attachment":[{"href":"https:\/\/skrawka.pl\/index.php?rest_route=%2Fwp%2Fv2%2Fmedia&parent=21"}],"curies":[{"name":"wp","href":"https:\/\/api.w.org\/{rel}","templated":true}]}}